 is divided by 266.
264
Calculate the remainder when 376092 is divided by 75214.
22
What is the remainder when 720588 is divided by 28?
8
Calculate the remainder when 1404605 is divided by 244.
141
What is the remainder when 8731013 is divided by 66144?
5
Calculate the remainder when 62608769 is divided by 18.
17
What is the remainder when 107594 is divided by 7172?
14
Calculate the remainder when 654416 is divided by 21032.
2424
Calculate the remainder when 117501120 is divided by 10018.
10016
Calculate the remainder when 1589248 is divided by 826.
24
What is the remainder when 11573680 is divided by 532?
20
Calculate the remainder when 159453 is divided by 163.
39
Calculate the remainder when 66109 is divided by 3883.
98
Calculate the remainder when 577584 is divided by 96249.
90
What is the remainder when 8043658 is divided by 1340609?
4
What is the remainder when 4944816 is divided by 513?
9
What is the remainder when 87266777 is divided by 860?
857
What is the remainder when 8088293 is divided by 2696058?
119
Calculate the remainder when 237964 is divided by 2727.
715
What is the remainder when 5743042 is divided by 3241?
3231
Calculate the remainder when 1938723 is divided by 644999.
3726
What is the remainder when 150810299 is divided by 183?
182
Calculate the remainder when 777487 is divided by 563.
547
Calculate the remainder when 512864 is divided by 3443.
3300
What is the remainder when 41550 is divided by 5917?
131
What is the remainder when 379153318 is divided by 12?
10
Calculate the remainder when 1404596 is divided by 35.
11
What is the remainder when 68708 is divided by 9669?
1025
What is the remainder when 744871 is divided by 1019?
1001
What is the remainder when 1208267 is divided by 481?
476
Calculate the remainder when 3807304 is divided by 271925.
354
Calculate the remainder when 9804924 is divided by 124.
120
What is the remainder when 145205 is divided by 23689?
3071
What is the remainder when 81861340 is divided by 660172?
12
Calculate the remainder when 395902 is divided by 178.
30
What is the remainder when 5030713 is divided by 45?
28
What is the remainder when 90887800 is divided by 833?
3
Calculate the remainder when 4701139 is divided by 1566980.
199
What is the remainder when 54477959 is divided by 77?
74
Calculate the remainder when 237508 is divided by 79109.
181
Calculate the remainder when 97611 is divided by 1761.
756
Calculate the remainder when 14806582 is divided by 45142.
6
What is the remainder when 39978918 is divided by 26130?
18
What is the remainder when 145520 is divided by 534?
272
Calculate the remainder when 162176457 is divided by 5692.
5685
Calculate the remainder when 85331298 is divided by 14221881.
12
Calculate the remainder when 1442703 is divided by 1.
0
Calculate the remainder when 241134 is divided by 1057.
138
What is the remainder when 28524 is divided by 727?
171
Calculate the remainder when 951742 is divided by 316146.
3304
Calculate the remainder when 3384406 is divided by 400.
6
What is the remainder when 1950916 is divided by 2245?
11
Calculate the remainder when 11842464 is divided by 1480307.
8
Calculate the remainder when 4492095 is divided by 1101.
15
Calculate the remainder when 6558419 is divided by 209.
208
What is the remainder when 9578 is divided by 1351?
121
Calculate the remainder when 466153 is divided by 846.
7
Calculate the remainder when 21547062 is divided by 209.
207
Calculate the remainder when 78007 is divided by 159.
97
Calculate the remainder when 71116 is divided by 11684.
1012
What is the remainder when 1797409 is divided by 11027?
8
Calculate the remainder when 6731283 is divided by 72.
3
Calculate the remainder when 13319326 is divided by 1187.
1186
What is the remainder when 33993 is divided by 429?
102
Calculate the remainder when 3206622 is divided by 94312.
14
What is the remainder when 548351 is divided by 1112?
135
Calculate the remainder when 28663 is divided by 1248.
1207
What is the remainder when 34141087 is divided by 61?
58
Calculate the remainder when 8701215 is divided by 3468.
3
Calculate the remainder when 14331326 is divided by 1582.
1570
What is the remainder when 80898723 is divided by 5330?
5313
Calculate the remainder when 17112331 is divided by 179.
110
What is the remainder when 6164773 is divided by 7227?
142
What is the remainder when 155696 is divided by 133?
86
What is the remainder when 75762 is divided by 325?
37
What is the remainder when 23945754 is divided by 1806?
0
Calculate the remainder when 148727307 is divided by 71.
57
Calculate the remainder when 951313 is divided by 316681.
1270
What is the remainder when 219313 is divided by 2521?
2507
What is the remainder when 58244 is divided by 547?
262
Calculate the remainder when 8255970 is divided by 7752.
90
Calculate the remainder when 3251793 is divided by 1625893.
7
What is the remainder when 50493740 is divided by 16831244?
8
Calculate the remainder when 49532 is divided by 12369.
56
What is the remainder when 201395 is divided by 4795?
5
Calculate the remainder when 878060 is divided by 604.
448
What is the remainder when 31200 is divided by 1811?
413
What is the remainder when 2874343 is divided by 574762?
533
Calculate the remainder when 10225866 is divided by 10225866.
0
Calculate the remainder when 201387 is divided by 2195.
1642
What is the remainder when 2046167 is divided by 1022976?
215
Calculate the remainder when 2476151 is divided by 645.
641
Calculate the remainder when 118044 is divided by 10726.
58
Calculate the remainder when 2354301 is divided by 2590.
2581
What is the remainder when 18376 is divided by 1137?
184
What is the remainder when 24287 is divided by 1802?
861
What is the remainder when 243211 is divided by 11559?
472
What is the remainder when 138193 is divided by 27607?
158
Calculate the remainder when 76608608 is divided by 27.
23
Calculate the remainder when 17433358 is divided by 54.
52
Calculate the remainder when 27692296 is divided by 4079.
4044
What is the remainder when 23420172 is divided by 23420172?
0
Calculate the remainder when 1749433 is divided by 355.
348
Calculate the remainder when 23481140 is divided by 3913523.
2
What is the remainder when 13816033 is divided by 3714?
3667
What is the remainder when 23575 is divided by 5254?
2559
Calculate the remainder when 6473 is divided by 785.
193
What is the remainder when 829743 is divided by 1206?
15
Calculate the remainder when 1043469 is divided by 74531.
35
What is the remainder when 145771 is divided by 72484?
803
What is the remainder when 162188963 is divided by 63?
62
What is the remainder when 65358 is divided by 4300?
858
Calculate the remainder when 39511 is divided by 1922.
1071
Calculate the remainder when 318265053 is divided by 649.
645
What is the remainder when 37013942 is divided by 4221?
4214
What is the remainder when 1372409 is divided by 7933?
0
What is the remainder when 164147 is divided by 39747?
5159
Calculate the remainder when 15484 is divided by 5023.
415
Calculate the remainder when 8524855 is divided by 838.
719
What is the remainder when 5702183 is divided by 46359?
26
Calculate the remainder when 88377051 is divided by 6.
3
What is the remainder when 947708 is divided by 35100?
8
What is the remainder when 611760 is divided by 101943?
102
What is the remainder when 1030867 is divided by 372?
55
Calculate the remainder when 51670208 is divided by 94461.
41
Calculate the remainder when 499032610 is divided by 3471.
3469
What is the remainder when 19306 is divided by 8101?
3104
What is the remainder when 2935295 is divided by 135?
125
Calculate the remainder when 5021 is divided by 638.
555
Calculate the remainder when 469055 is divided by 1906.
179
What is the remainder when 33657802 is divided by 11219247?
61
What is the remainder when 78799 is divided by 55?
39
What is the remainder when 583370 is divided by 243?
170
What is the remainder when 915726 is divided by 914?
812
Calculate the remainder when 25990 is divided by 318.
232
Calculate the remainder when 4189026 is divided by 959.
114
Calculate the remainder when 5977692 is divided by 185.
157
What is the remainder when 36895072 is divided by 1459?
1339
Calculate the remainder when 22781